-0*j - 3*j. Let b = j + 137. Let n(u) = -u**3 + 6*u**2 + 8*u - 5. Calculate n(b).
2
Let y(d) = -143*d**3 - 5*d + 3*d**2 + 280*d**3 + d**2 - 136*d**3 - 2. Let t(p) = -6*p + 2. Let z be t(-3). Suppose -6*b + 2*b = z. Calculate y(b).
-2
Let t(c) = -12 + c + 1 + 10. Let x = -277 + 271. What is t(x)?
-7
Let d be (9 - 1)/(18/117). Suppose -d = -2*w + 54. Let y(b) = -w + 0*b + 2*b + 7*b**2 + 52. What is y(1)?
8
Let c(r) = -2*r**2 + 74 + 97 - 248 + 7*r + 72. Let t(l) = -2*l - 17. Let m be t(-10). Give c(m).
-2
Let b(z) = 764*z - 13. Let q be b(3). Let t = q + -894. Let d(j) = 3 - j**2 + 1381*j - t*j + 2. Calculate d(-6).
-7
Let v(s) = 5*s + 16. Let m(l) = -5*l - 3. Let t(h) = 14*h + 8. Let w(r) = 17*m(r) + 6*t(r). Let q(y) = 4*v(y) + 22*w(y). Calculate q(-4).
6
Suppose -6*h - 26 = 22. Let c be (-6)/h - 196/112. Let s(m) be the second derivative of -5*m**4/6 - m**3/3 - m**2/2 - m. Calculate s(c).
-9
Let p = -574 + 568. Let s(v) be the second derivative of v**3/2 + 9*v**2/2 + 4*v. What is s(p)?
-9
Let a(p) be the first derivative of 2*p**3/3 - 7*p**2/2 - 30*p + 62. Let w be a(6). Let m(k) = k**2 - k + 3. Determine m(w).
3
Let u(g) = -13*g - 3 + 4 + 16*g. Let s = 22 + -14. Let q be (-4 - -6)*(-4)/s. Determine u(q).
-2
Let f(l) = 6*l - 4 - 2*l + 6*l. Let u be (-6)/(-22)*(-38720)/(-2640). Give f(u).
36
Let k(z) = -z**3 - 7*z**2 + 9*z + 2. Suppose -5*s + s - 48 = -5*i, s + 18 = 2*i. Let u(t) = -6*t + 40. Let o be u(i). What is k(o)?
-6
Let o(r) be the second derivative of -r**4/12 + 7*r**3/6 - r**2/2 + 402*r. Give o(8).
-9
Let f(h) = 9*h**3 - 21*h**2 + 5*h + 6. Let a(w) = -20*w**3 + 45*w**2 - 10*w - 13. Let i(r) = 5*a(r) + 11*f(r). What is i(3)?
-65
Let r(u) = u + 1. Let j = 21 + -19. Suppose 5*f + j + 18 = 0. Let y be (-3)/1 + (3 - 4 - f). Give r(y).
1
Let h(z) be the third derivative of z**6/120 - 4*z**5/15 - 13*z**4/24 + 13*z**3/6 + 10*z**2 - 24. Determine h(17).
81
Let p(g) be the third derivative of 2*g**4/3 - 27*g**3 - g**2 - 112*g. Calculate p(11).
14
Let a(l) = -24*l + 21. Let g(v) = -7*v + 7. Let r(w) = -4*a(w) + 14*g(w). Suppose 0 = 2*q - 6*q - 24. Determine r(q).
26
Let v(o) be the first derivative of -4*o - 5/2*o**2 + 1. Let k(l) = -853*l - 4. Let s be k(0). What is v(s)?
16
Let i(w) = 337*w - 168*w - 3 - 167*w. Let s = -4 + 6. Determine i(s).
1
Let d(a) = 3 - 4 + 2*a + 9*a. Let k = 96984 + -96986. Calculate d(k).
-23
Suppose -4*h - b = 112, 20*h + 3*b - 123 = 25*h. Let f(g) = g**2 + 29*g + 32. Calculate f(h).
-22
Let b(o) be the second derivative of o**4/6 + 7*o**3/6 - o**2/2 - 37*o - 3. Let c(i) = 4*i**2 + 13*i - 4. Let n(q) = 7*b(q) - 3*c(q). Calculate n(-5).
5
Let y be (-2 - -3)*(-15)/(-6)*2. Let z(h) = h**3 - 6*h**2 + 2*h + 18. What is z(y)?
3
Suppose 0 = 477*p - 470*p - 105. Let m(t) = -55*t - 15. Let h(s) = 4*s + 1. Let z(d) = p*h(d) + m(d). Give z(2).
10
Let s(g) be the first derivative of -8 + 0*g**4 + 11/2*g**2 + 0*g - 1/20*g**5 + 0*g**3. Let m(d) be the second derivative of s(d). Determine m(1).
-3
Let q(y) = -997 - 4*y - 574 + 1574. Determine q(1).
-1
Suppose -29*y + 4 = -28*y. Let d(a) = -9*a + 13*a + a + 0 + 3*a**2 + y. Determine d(-2).
6
Let m be 6/(7/2*306/(-1428)). Let o(g) = -g**3 - 9*g**2 - 2*g - 5. Determine o(m).
-53
Let o(a) = 0 - 3 - 2 - 3*a. Let h(n) = -n**3 - 16*n**2 + 36*n + 4. Let q be h(-18). Suppose 2*r + 7 = -3, q*f + r = 15. Determine o(f).
-20
Let z = 2377 - 2376. Let y(m) = 64*m - 1. What is y(z)?
63
Let z(o) = o**3 - 3*o**2 + 6*o - 38. Let j be z(4). Let q(k) = -3 - 6*k**j - 4*k + 3*k**3 + 0 + 0*k**3 - 4*k**3. Give q(-6).
21
Let j(t) = 14*t - 6. Let g be j(2). Suppose -4*f = -6*f + g. Suppose 0 = -3*s - 2*m - f, 2*s + s - 2*m + 31 = 0. Let c(w) = 2*w + 10. What is c(s)?
-4
Suppose 9*x - 28 = -37. Let z be (1 + 5)*-4*x/(-6). Let f(m) = m**3 + 3*m**2 - m + 5. What is f(z)?
-7
Let z = -92 - 41. Let v = 141 + z. Let q(c) = -c**3 + 8*c**2 - 3*c + 19. Let p be q(v). Let x(n) = -n**2 + 5. Give x(p).
-20
Suppose -a - 1 - 13 = -5*f, 5*a - 5*f + 30 = 0. Let m be 0*(3 - (-14)/a). Let n(x) = -2 + 0 - 4*x - 3 - x**2 + m. Give n(-5).
-10
Let o(d) = -72312 - 693*d + 72401 + 677*d. Give o(6).
-7
Let b(x) = -2*x**3 + x. Let p = 17 - -5. Suppose p = 2*z + w - 3*w, 2*w + 64 = 5*z. Let u = 13 - z. Give b(u).
1
Let w(q) = 2*q**3 - 3*q**2 - 6*q + 17. Suppose -5*m - 244*i = -247*i - 13, 0 = -3*m + 2*i + 8. What is w(m)?
9
Let p(o) = 18*o - 436. Let s(k) = 7*k - 174. Let c(j) = 5*p(j) - 12*s(j). Determine c(16).
4
Let i(h) = -11*h**3 + 9*h**2 - 12*h - 25. Let w(c) = -61*c**3 + 45*c**2 - 59*c - 126. Let z(l) = 11*i(l) - 2*w(l). What is z(-10)?
17
Let a(r) = 15*r - 84. Suppose -64*d = -0*d + 114 - 562. Give a(d).
21
Let n(x) be the third derivative of 0 + 0*x + 17/6*x**3 - 1/60*x**5 - 1/24*x**4 - 172*x**2. Give n(-5).
-3
Let x(b) = b**2 - 18*b + 72. Let i(w) = -20*w - 88. Let s be i(-5). Determine x(s).
0
Let v(r) be the first derivative of 176 + 1/4*r**4 - 9/2*r**2 - 7/3*r**3 - 5*r. Determine v(8).
-13
Let j(i) be the second derivative of 2*i**3 + 17*i**2/2 + 555*i. Determine j(-6).
-55
Let q(x) be the third derivative of -1/5*x**5 + 11/24*x**4 + 1/3*x**3 - 46*x**2 - 1 - 1/120*x**6 + 0*x. What is q(-13)?
28
Let p(m) = m**2 - m - 17. Let d be (19/(-190)*8)/(2/10). Give p(d).
3
Suppose 3*p + 4*q = 10, -2*q + 3 = p - 3. Let z(u) be the third derivative of 0*u + 1/24*u**4 + 0 + 2*u**2 + 1/3*u**3. Determine z(p).
0
Let w(y) be the third derivative of -y**5/12 - y**4/8 + y**3/3 + 632*y**2. Determine w(1).
-6
Suppose 3*i - 10 - 8 = 3*t, 2*i - 13 = 3*t. Suppose -11 = -z + 5*h, -3*z - 4*h = -i + 10. Let l(n) = 29 - 29 + 6*n. Give l(z).
6
Let o(l) = l**3 + 8*l**2 + 9*l + 7. Let r = -6 - 4. Suppose 19*x + 31*x + 150 = 0. Let j = r - x. What is o(j)?
-7
Let g(i) = -341*i + 30. Let k(w) = -739*w + 59. Let x(h) = -13*g(h) + 6*k(h). Calculate x(-19).
-17
Suppose 6*b - 52 + 100 = 0. Let o(x) = -4*x + 6. Calculate o(b).
38
Let p(d) be the third derivative of -d**6/360 - 7*d**5/120 + d**4/3 + 23*d**3 - 4*d**2 + 6*d. Let y(n) be the first derivative of p(n). Give y(-8).
0
Suppose -23*z - 2*f = -24*z + 30, 0 = 5*z - 2*f - 150. Suppose -z + 0 = -10*p. Let m(a) = a**3 - 3*a**2 + 4*a - 4. What is m(p)?
8
Let y = -1859/8420 + 114/421. Let a(l) be the second derivative of 0 + y*l**5 + 2/3*l**3 + 5/12*l**4 + 0*l**2 - 44*l. Calculate a(-3).
6
Let n(z) = -z + 5. Let h be (-2 + -9)/1 + -4. Let r be n(h). Let m = -23 + r. Let l(g) = g**2 + 5*g - 4. What is l(m)?
-10
Let z(j) = 181*j**2 + 0*j - j**3 + 7*j + 20 - 173*j**2. Let l be z(9). Let c(d) = -7*d**2 - d**l + 5*d**2. What is c(-1)?
-3
Let d(h) = 19*h**2 - 4*h - 5. Let s(r) = -20*r**2 + 5*r + 6. Let t(c) = 6*d(c) + 5*s(c). Suppose 5*b = 2*q + 7, 3*b + 2*q - 174 = -173. Determine t(b).
15
Let d(q) = -q**3 - 3*q**2 - 67 + 24*q + 65 - 21*q. Calculate d(-3).
-11
Let p(o) = -23*o + 50. Let t be p(-9). Let q = 246 - t. Let a(l) = -l**3 - 11*l**2 - l - 15. Give a(q).
-4
Let f(t) be the third derivative of -t**5/60 + 7*t**4/8 - 17*t**3/3 + 3763*t**2. What is f(19)?
4
Let p(c) = 56*c + 3. Let n = 2249 + -2248. Calculate p(n).
59
Let j(q) be the first derivative of -q**4/4 + q**3/3 - 2765. What is j(1)?
0
Let a(l) = l - 6. Let b = 27 - 30. Let n be 1*(-1 + -1 - b) - -18. Let w = 26 - n. Calculate a(w).
1
Let t(d) be the second derivative of d**4/12 + 5*d**3/3 - 225*d**2/2 + 7170*d. What is t(-21)?
6
Let t(j) be the second derivative of -j**5/20 - 7*j**4/6 + j**3/6 + 3*j**2/2 - 2*j. Let z = -1246 - -1232. What is t(z)?
-11
Suppose -10*v - 6*v = -16. Let g(u) = -62*u**2 + 18*u - 6. Let p(j) = -5*j**2 + 1. Let q(i) = v*g(i) - 12*p(i). What is q(8)?
-2
Let w(b) be the second derivative of b**3 + b**2 + 2*b. Let h = 6919 - 6916. What is w(h)?
20
Let h(b) be the first derivative of 2*b**2 - 10*b - 949. Determine h(0).
-10
Let c(y) = 315*y + 6 - 618*y + 300*y. Let d = 7 + -3. What is c(d)?
-6
Let o(w) = 2*w**2 - 2. Let z be o(3). Suppose 2*l - z + 20 = 0. Let f be 3 - 1 - 4/l. Let y(r) = -r**3 + 5*r**2 - 5*r - 4. Give y(f).
-8
Let p(j) = 1 - 2*j + 3*j - 192*j**3 + 193*j**3 + 10*j + 8*j + 9*j**2. Determine p(-7).
-34
Let c be (6/8)/(22/440). Let j(k) be the first derivative of -20 + 1/2*k**2 + c*k - 1/4*k**4 - 11/3*k**3. What is j(-11)?
4
Let z(t) = t**3 + 13*t**2 + 4*t - 12. Let l = 13196 - 13208. Calculate z(l).
84
Let t(m)